s the remainder when 51 is divided by (-1)/((-3)/(-4 - f)) - -20?
13
What is the remainder when 49/3 + (-8)/(-12) is divided by (-180)/(-8)*(-40)/(-90)?
7
Calculate the remainder when 15 is divided by ((-3)/(-9))/(3 - 294/99).
4
Calculate the remainder when 146 is divided by 0 - 1 - (14 + 220/(-4)).
26
Let m = 55 - 17. What is the remainder when 5*31 + (10 - 0)/(-4 - -2) is divided by m?
36
Let i be 18/(-4)*(-96)/(-36). Calculate the remainder when 41 is divided by (-2)/i - (-742)/84.
5
Let q = -298 + 420. What is the remainder when q is divided by 14?
10
Let n = 3 - 3. Suppose n = -0*w - 3*w + 9. Suppose 3*a = -w*l + 16 + 20, 2*l = -4*a + 28. What is the remainder when 18 is divided by l?
8
Let l(r) = -r**2 - 6*r - 8. Let g be l(-6). Let p be (8/3)/(2/3). Calculate the remainder when 94 is divided by (g/p + 0)*-12.
22
Suppose 197*q - 195*q - 40 = 0. Calculate the remainder when q is divided by 11.
9
Suppose 3*y + 300 = 5*t + 8*y, -3*t = y - 186. Let u(r) be the first derivative of 35*r**2/2 - 2*r + 6. What is the remainder when t is divided by u(1)?
30
Calculate the remainder when ((-48)/(-6))/(-8)*-210 is divided by 53.
51
Let s = -188 - -341. Calculate the remainder when s is divided by 22.
21
Suppose -700 = -5*a - 2*a. Suppose a = -w + 6*w. What is the remainder when w is divided by 13?
7
Suppose 5*o - 69 = -4*k, 0*k + 3*k + o - 49 = 0. What is the remainder when 57 is divided by k?
9
Suppose -8*k + 76 = -4*k. Suppose -267 - 813 = -20*o. Calculate the remainder when o is divided by k.
16
Suppose h - 6 - 4 = 0. Let k be ((-70)/(-25))/((-2)/h). What is the remainder when 29 is divided by (24/14)/((-4)/k)?
5
Suppose 2*v = 6*v - 128. Let j = -16 + v. Let c = -6 + j. What is the remainder when 27 is divided by c?
7
What is the remainder when (-3710)/(-28) + 9/6 is divided by 27?
26
Let r = 150 + -24. Calculate the remainder when r is divided by 22.
16
Let c(a) = 51*a**2 - 4*a + 3. Let f be c(1). Let t(x) = -x**2 - 8*x - 8. Calculate the remainder when (-90)/f*(-20)/3 is divided by t(-6).
0
Suppose 4*h = 3*h + 64. What is the remainder when 183 is divided by h?
55
Let q = -149 + 236. Let s = 144 - q. What is the remainder when s is divided by 12?
9
Suppose t + 2*t - 6 = 0. Let h(a) = -3 + 2 - a**t + 0 + 7 - a. Calculate the remainder when 17 is divided by h(0).
5
Let m(u) = u**2 + 2*u + 9. Let i be m(7). Suppose 0 = 3*g + 31*v - 36*v - 62, -58 = -2*g - 5*v. What is the remainder when g is divided by i/20*10/4?
6
Suppose u = 21 + 7. What is the remainder when 15 is divided by (u - 8)*4/10?
7
Suppose j - 45 = -4*j. Suppose 3*g = 2*q - 12 - 15, -25 = -2*q + 5*g. Calculate the remainder when q is divided by j.
6
What is the remainder when 59 is divided by 2/(-9) + 102879/1863?
4
Let g = 48 + -20. Suppose 137 + 31 = 14*y. Calculate the remainder when g is divided by y.
4
Suppose y = 5*h - 1474, 2*h + 14*y = 12*y + 592. What is the remainder when h is divided by 75?
70
Suppose -5*w = 20, -8 - 27 = -b - 5*w. Suppose 0 = -4*p + p + 57. What is the remainder when b is divided by p?
17
Let m be (-2 + 2)/(8 + -9). Suppose m = -5*r - 2*v + 99, 0 = 3*r - v - 35 - 31. Calculate the remainder when 62 is divided by r.
20
Let v(a) = -a**2 - 5*a - 3. Let n(l) = -l**3 - 8*l**2 - 6*l + 4. Let s be n(-7). Let o be v(s). What is the remainder when 32 + 1*(-6)/o is divided by 8?
6
What is the remainder when (-1064823)/(-2534) + (-3)/14 is divided by 71?
65
What is the remainder when 106 is divided by 436/14 + -14 + 1843/133?
13
Suppose -l = -2*l + 34. Suppose 1 + 5 = j. What is the remainder when l is divided by (j/(-9))/((-1)/18)?
10
Let k be (-9)/6 + 3/2. Suppose 2*t + 5*l - 31 = 0, k*t - 5*t = -2*l - 150. What is the remainder when t is divided by 15?
13
Let j(g) = -g + 2. Let p(y) = y**2 - 17*y - 19. Let r be p(18). Let u be j(r). Suppose 0 = -u*f + 269 - 32. Calculate the remainder when f is divided by 27.
25
Let c be ((22 - -4) + 0)/1. Let j = c - 31. What is the remainder when 8/(-20) - 337/j is divided by 17?
16
Let l(u) = u**2 - 2*u - 1. Let i be 7/((36/(-32))/(-9)). Let f = -2 + i. Calculate the remainder when f is divided by l(-3).
12
Suppose 6*q + 753 = 1761. What is the remainder when q is divided by 20?
8
Let c = 60 + -64. What is the remainder when 6 is divided by 4 + -6 + (-7)/(c/4)?
1
Let h(l) = l**2 + 6*l + 6. Let u be h(-5). Let o = u - -5. Let x(a) = a**2 - 25*a + 50. What is the remainder when o is divided by x(23)?
2
Let u be 904/30 + (-2)/15. Suppose 25*z = u*z - 135. Calculate the remainder when 75 is divided by z.
21
Let r = 277 - 485. Let s be (-1)/(-3 - r/69). Let p = -32 - s. What is the remainder when p is divided by 10?
7
Suppose -4*p - 2*c + 156 = 0, -5*c - 86 = -2*p - 4*c. Let w = 0 + -18. Let o = 29 + w. What is the remainder when p is divided by o?
8
Let i = -25 - -41. Let r = 44 - i. What is the remainder when 109 is divided by r?
25
Let s(a) = 18*a**2 + 12*a + 5. Calculate the remainder when s(-3) is divided by 56.
19
Let o(j) = -9*j - 21. Let k be o(-5). What is the remainder when -111*((-4)/(-10))/(k/(-40)) is divided by 15?
14
Suppose -3*z - f = -253, f = 5*f - 16. Suppose -3*j + 4*n + 0*n + 60 = 0, 5*j = n + z. Calculate the remainder when 61 is divided by j.
13
Let t(x) = x**2 - 11*x + 19. Let o be t(10). Suppose -o*k = -3*k - 24. What is the remainder when 9 is divided by k?
1
Suppose 0 = 2*q + h - 3, q - 2*q = 5*h + 12. Let n = q - 0. What is the remainder when 150/(2 - -1) - n is divided by 16?
15
Suppose 530 = -2*j + 7*j - 5*o, -5*j + 3*o + 530 = 0. Let d(a) = 8*a**2 - 3*a - 2. Calculate the remainder when j is divided by d(-2).
34
Suppose 0 = 3*k + k + 5*f - 183, 2*f - 216 = -5*k. What is the remainder when 79 is divided by k?
37
Let x(i) = 86 - 188 - 4*i - 7*i**2 + i**3 + 97. Let g = -76 - -155. Calculate the remainder when g is divided by x(8).
25
What is the remainder when 358 is divided by -7 + -8 + 19 + 29?
28
Let i(u) = -u - 1. Let k be i(-2). Suppose 0 = o - k, -y + 4*o = y - 42. Calculate the remainder when y is divided by 13.
10
Suppose -2*s + 36 + 36 = 0. Suppose 2*l - 232 = 4*v, 0 = -0*l + 5*l + 2*v - 520. Calculate the remainder when l is divided by s.
34
Let n = -153 + 189. What is the remainder when 645 is divided by n?
33
Let x be 215/(-20) - 2/8. Let c = -9 - x. Suppose -s + 1 = -c. Calculate the remainder when 8 is divided by s.
2
Let p(w) = w**2 - 10*w - 52. Calculate the remainder when 83 is divided by p(15).
14
Let m(r) = -r - 3*r - 2*r + 2*r - 12. Calculate the remainder when m(-11) is divided by 12.
8
What is the remainder when 164 is divided by (-75)/(-2)*(-1 - (-36)/20)?
14
Let r(i) = -i + 11. Let p be r(11). Let q(m) = 31*m**3 + 3*m**2 - 2*m. Calculate the remainder when q(1) is divided by (-3)/(12/(-44)) + p.
10
Suppose 530 = 2*h - 3*c, 4*h - c - 239 = 821. Suppose 7*j = -62 + h. Calculate the remainder when 86 is divided by j.
28
Let f = -175 - -179. What is the remainder when 49 is divided by f?
1
Suppose 0 = -41*c + 700 - 3. Let h be 3 + -3 - (3 - -2). Let z(s) = -s**3 - 3*s**2 - 2*s + 7. What is the remainder when z(h) is divided by c?
16
Let d(s) = -2*s**2 - 64*s + 37. What is the remainder when d(-32) is divided by 23?
14
Suppose 0 = -3*r - 5*n + 35, 6*n = 4*r + 3*n - 66. Suppose -95 = 8*g - 319. Calculate the remainder when g is divided by r.
13
Let y = -698 - -727. What is the remainder when y is divided by 21?
8
Suppose 0*u + 7*u + 532 = 0. Let p = -43 - u. What is the remainder when p is divided by 9?
6
Let b = 1149 + -452. What is the remainder when b is divided by 70?
67
Suppose -6 = -2*m + 3*u, 3*m + 4*u + 0*u + 8 = 0. Suppose m = j + 4 + 7. Let w = j - -21. What is the remainder when 37 is divided by w?
7
Suppose 8*w = 73 + 375. Let x(p) = 19*p**2 - p - 1. Calculate the remainder when x(3) is divided by w.
55
Suppose 4*u + 5*h - 4*h + 13 = 0, -5*u - 8 = 4*h. What is the remainder when 55 is divided by (6/u)/(12/(-112))?
13
Suppose 4*q = 4*v - 64, -3*v + 4*q = -v - 26. Suppose -5*p + 214 = 4*g - 3*p, -3*p - 165 = -3*g. What is the remainder when g is divided by v?
16
Suppose k + 15 = -21. Let r = k - -58. Calculate the remainder when r is divided by 12.
10
Let y(g) = g**3 - 7*g**2 - 3*g - 3. Calculate the remainder when 405 is divided by y(9).
9
Suppose -10 - 16 = -2*a. Let j(x) 